t is the remainder when 310540 is divided by 65?
35
What is the remainder when 537823 is divided by 71?
69
What is the remainder when 5618764 is divided by 156076?
28
Calculate the remainder when 163200560 is divided by 17.
16
What is the remainder when 74220229 is divided by 31?
29
What is the remainder when 22538701 is divided by 11269343?
15
What is the remainder when 3688475 is divided by 737691?
20
Calculate the remainder when 339143 is divided by 112696.
1055
Calculate the remainder when 5751296 is divided by 4117.
3964
What is the remainder when 15260995 is divided by 15260958?
37
What is the remainder when 14415747 is divided by 1201312?
3
What is the remainder when 55444 is divided by 974?
900
What is the remainder when 15359 is divided by 3592?
991
What is the remainder when 131732 is divided by 131570?
162
Calculate the remainder when 30225602 is divided by 87865.
42
What is the remainder when 75869 is divided by 6322?
5
What is the remainder when 8914411 is divided by 474?
367
What is the remainder when 819801 is divided by 2889?
2214
Calculate the remainder when 793144 is divided by 315.
289
What is the remainder when 2501941 is divided by 20?
1
What is the remainder when 794427 is divided by 198556?
203
Calculate the remainder when 26652790 is divided by 157.
156
What is the remainder when 215603 is divided by 35450?
2903
Calculate the remainder when 7837277 is divided by 44.
41
What is the remainder when 3379001 is divided by 33?
32
What is the remainder when 69263157 is divided by 141?
9
Calculate the remainder when 20280539 is divided by 10140269.
1
Calculate the remainder when 484408 is divided by 13450.
208
Calculate the remainder when 9088212 is divided by 175.
112
What is the remainder when 2166629 is divided by 1083302?
25
Calculate the remainder when 51285 is divided by 2416.
549
Calculate the remainder when 74576 is divided by 106.
58
What is the remainder when 635999 is divided by 711?
365
What is the remainder when 127040 is divided by 42288?
176
Calculate the remainder when 2442753 is divided by 814210.
123
What is the remainder when 1432827 is divided by 105?
102
Calculate the remainder when 7657199 is divided by 1609.
1577
What is the remainder when 141816 is divided by 2958?
2790
What is the remainder when 3409468 is divided by 1856?
1852
What is the remainder when 210983 is divided by 20732?
3663
Calculate the remainder when 59857 is divided by 13888.
4305
Calculate the remainder when 4906470 is divided by 67.
60
Calculate the remainder when 80009648 is divided by 23.
8
Calculate the remainder when 99447 is divided by 9934.
107
What is the remainder when 206911 is divided by 4722?
3865
What is the remainder when 32073125 is divided by 697241?
39
Calculate the remainder when 27724 is divided by 8397.
2533
Calculate the remainder when 60453846 is divided by 1950124.
2
What is the remainder when 23505925 is divided by 34?
25
What is the remainder when 291245 is divided by 5962?
5069
Calculate the remainder when 70909234 is divided by 166.
10
What is the remainder when 4194928 is divided by 657?
640
What is the remainder when 253358 is divided by 38?
12
Calculate the remainder when 16443470 is divided by 2740578.
2
Calculate the remainder when 929532 is divided by 5563.
511
What is the remainder when 29875879 is divided by 262069?
13
Calculate the remainder when 5126876 is divided by 4412.
132
Calculate the remainder when 96603313 is divided by 219.
4
What is the remainder when 36552 is divided by 9007?
524
Calculate the remainder when 114146183 is divided by 38.
35
What is the remainder when 263974 is divided by 14665?
4
Calculate the remainder when 415405 is divided by 599.
298
What is the remainder when 434154 is divided by 68?
42
What is the remainder when 159640 is divided by 79613?
414
What is the remainder when 2833067 is divided by 312?
107
What is the remainder when 64131 is divided by 12779?
236
Calculate the remainder when 957263 is divided by 24.
23
What is the remainder when 2049177 is divided by 588?
585
Calculate the remainder when 2248452 is divided by 374730.
72
What is the remainder when 674712 is divided by 203?
143
What is the remainder when 20577484 is divided by 408?
4
What is the remainder when 8746828 is divided by 82517?
26
What is the remainder when 6889809 is divided by 1722428?
97
Calculate the remainder when 475631254 is divided by 254.
252
What is the remainder when 13104253 is divided by 569750?
3
Calculate the remainder when 44275564 is divided by 1476.
1468
What is the remainder when 189552202 is divided by 1445?
1437
What is the remainder when 22662302 is divided by 397584?
14
Calculate the remainder when 1168486 is divided by 602.
4
Calculate the remainder when 73462 is divided by 14350.
1712
What is the remainder when 78215 is divided by 2181?
1880
What is the remainder when 439325 is divided by 87848?
85
What is the remainder when 137073201 is divided by 14?
13
Calculate the remainder when 3397341 is divided by 151.
143
Calculate the remainder when 1229174 is divided by 9383.
1
What is the remainder when 41668706 is divided by 1558?
1554
Calculate the remainder when 3144563 is divided by 13.
6
What is the remainder when 4213940 is divided by 4213928?
12
What is the remainder when 535119 is divided by 3243?
24
Calculate the remainder when 619013 is divided by 154541.
849
What is the remainder when 16167130 is divided by 1728?
1690
What is the remainder when 2901594 is divided by 69085?
24
Calculate the remainder when 289623 is divided by 1562.
653
Calculate the remainder when 18549 is divided by 1823.
319
What is the remainder when 1972082 is divided by 413?
7
What is the remainder when 307449 is divided by 7685?
49
Calculate the remainder when 2007208 is divided by 19872.
136
Calculate the remainder when 14536569 is divided by 50650.
19
Calculate the remainder when 43681753 is divided by 39.
37
Calculate the remainder when 1477488 is divided by 1184.
1040
Calculate the remainder when 12195066 is divided by 1072.
1066
Calculate the remainder when 19649 is divided by 3697.
1164
Calculate the remainder when 732316 is divided by 56326.
78
Calculate the remainder when 26870500 is divided by 19.
16
Calculate the remainder when 86836 is divided by 6442.
3090
Calculate the remainder when 386230 is divided by 192831.
568
What is the remainder when 68212599 is divided by 153?
150
What is the remainder when 3124 is divided by 714?
268
Calculate the remainder when 58608646 is divided by 183152.
6
Calculate the remainder when 676192 is divided by 18275.
17
What is the remainder when 8957836 is divided by 178?
164
Calculate the remainder when 396767 is divided by 1336.
1311
Calculate the remainder when 2543407 is divided by 466.
445
Calculate the remainder when 1025548 is divided by 143.
95
Calculate the remainder when 1903218 is divided by 300.
18
Calculate the remainder when 521719 is divided by 21738.
7
Calculate the remainder when 5405511 is divided by 7592.
7
Calculate the remainder when 874136 is divided by 7875.
11
What is the remainder when 106417 is divided by 1628?
597
Calculate the remainder when 14027785 is divided by 8335.
8315
Calculate the remainder when 124036 is divided by 713.
687
Calculate the remainder when 2862967 is divided by 1987.
1687
Calculate the remainder when 544521 is divided by 95.
76
Calculate the remainder when 1620764 is divided by 152.
140
Calculate the remainder when 384435 is divided by 1636.
1611
Calculate the remainder when 326622 is divided by 3171.
9
Calculate the remainder when 540513 is divided by 9507.
8121
Calculate the remainder when 266974 is divided by 2243.
57
What is the remainder when 2213462 is divided by 9?
2
What is the remainder when 50474 is divided by 1806?
1712
What is the remainder when 39553360 is divided by 890?
870
What is the remainder when 233805774 is divided by 2397?
2394
Calculate the remainder when 179839 is divided by 179115.
724
Calculate the remainder when 22973174 is divided by 11486556.
62
What is the remainder when 28844161 is divided by 49?
17
Calculate the remainder when 4821243 is divided by 8414.
21
What is the remainder when 323623 is divided by 25?
23
Calculate the remainder when 1626820 is divided by 14.
6
Wha